{"version":"1.0","type":"rich","width":"560px","height":"140px","title":"WR 271 Der Wahnsinn Transferperiode - Wir haben es geschafft, nicht gegen Leverkusen in Unterzahl zu verlieren. Und war die Transferperiode f\u00fcr uns gut?! Heute mit einem langen Stammtischgespr\u00e4ch, an dem ich mich zur\u00fcckgehalten habe :D Viel Spass beim h\u00f6ren","url":"https:\/\/werder-raute.de\/2025\/09\/10\/wr-271-der-wahnsinn-transferperiode\/","author_name":"Die Werder Raute - Der Stammtisch - Der Podcast von Fans f\u00fcr Fans","author_url":"https:\/\/werder-raute.de","thumbnail_url":"http:\/\/werder-raute.de\/wp-content\/uploads\/2024\/10\/Die_Werder_Raute_Logo_2024..jpg","html":"<iframe width=\"560px\" height=\"140px\" src=\"https:\/\/werder-raute.de\/2025\/09\/10\/wr-271-der-wahnsinn-transferperiode\/?standalonePlayer\"><\/iframe>"}

WR 271 Der Wahnsinn Transferperiode - Wir haben es geschafft, nicht gegen Leverkusen in Unterzahl zu verlieren. Und war die Transferperiode für uns gut?! Heute mit einem langen Stammtischgespräch, an dem ich mich zurückgehalten habe :D Viel Spass beim hören

Die Werder Raute - Der Stammtisch - Der Podcast von Fans für Fans
