{"version":"1.0","type":"rich","width":"560px","height":"140px","title":"WR 268 Hotte und die jungen Wilden vom Osterdeich - Wir sind zur\u00fcck. Im Viererpack reden wir \u00fcber die neue Viererkette, das neue System, Spieler und wo noch im Team nachgebessert werden muss. Aber nat\u00fcrlich auch \u00fcber das anstehende DFB-Pokal-Spiel gegen Arminia Bielefeld.","url":"https:\/\/werder-raute.de\/2025\/08\/05\/wr-268-hotte-und-die-jungen-wilden-vom-osterdeich\/","author_name":"Die Werder Raute - Der Stammtisch - Der Podcast von Fans f\u00fcr Fans","author_url":"https:\/\/werder-raute.de","thumbnail_url":"http:\/\/werder-raute.de\/wp-content\/uploads\/2024\/10\/Die_Werder_Raute_Logo_2024..jpg","html":"<iframe width=\"560px\" height=\"140px\" src=\"https:\/\/werder-raute.de\/2025\/08\/05\/wr-268-hotte-und-die-jungen-wilden-vom-osterdeich\/?standalonePlayer\"><\/iframe>"}

WR 268 Hotte und die jungen Wilden vom Osterdeich - Wir sind zurück. Im Viererpack reden wir über die neue Viererkette, das neue System, Spieler und wo noch im Team nachgebessert werden muss. Aber natürlich auch über das anstehende DFB-Pokal-Spiel gegen Arminia Bielefeld.

Die Werder Raute - Der Stammtisch - Der Podcast von Fans für Fans
