{"version":"1.0","type":"rich","width":"560px","height":"140px","title":"WR 117 Und j\u00e4hrlich gr\u00fc\u00dft der Abstiegskampf - Jetzt ist es doch passiert. Wir stecken tief im Abstiegskampf. Aber Werder w\u00e4re nicht Werder, wenn sie nicht wieder ihren eigenen Weg gehen w\u00fcrden. Wir haben viel zu bereden und nicht nur \u00fcber die kommenden Spiele.","url":"https:\/\/werder-raute.de\/2021\/04\/29\/wr-117-und-jaehrlich-gruesst-der-abstiegskampf\/","author_name":"Die Werder Raute - Der Stammtisch - Der Podcast von Fans f\u00fcr Fans","author_url":"https:\/\/werder-raute.de","thumbnail_url":"http:\/\/werder-raute.de\/wp-content\/uploads\/2024\/10\/Die_Werder_Raute_Logo_2024..jpg","html":"<iframe width=\"560px\" height=\"140px\" src=\"https:\/\/werder-raute.de\/2021\/04\/29\/wr-117-und-jaehrlich-gruesst-der-abstiegskampf\/?standalonePlayer\"><\/iframe>"}

WR 117 Und jährlich grüßt der Abstiegskampf - Jetzt ist es doch passiert. Wir stecken tief im Abstiegskampf. Aber Werder wäre nicht Werder, wenn sie nicht wieder ihren eigenen Weg gehen würden. Wir haben viel zu bereden und nicht nur über die kommenden Spiele.

Die Werder Raute - Der Stammtisch - Der Podcast von Fans für Fans
